+ h - j = -3*h. What are the prime factors of (-1782)/(-63) + (-4)/k?
2, 7
Suppose 2*t = -6*t + 32. Suppose -t*r = -164 - 156. What are the prime factors of r?
2, 5
Suppose 5*f = -0 - 10, -f = -3*i + 3197. What are the prime factors of i?
3, 5, 71
Suppose -467 + 177 = q. What are the prime factors of ((-12)/10)/((-1156)/q + -4)?
3, 29
Suppose -4*b + 15 = 3. Suppose b*k + 32 = -31. Let y = 55 + k. List the prime factors of y.
2, 17
Let p = -19 + 19. Suppose p = 9*a - 8*a - 43. Suppose 0 = -3*m - 1 + a. What are the prime factors of m?
2, 7
Let d(t) = 5 - t**2 - 4*t + 7*t - 4*t. Let c be d(0). Suppose 0 = q - c*r - 4, -2*r - 116 = -5*q - r. List the prime factors of q.
2, 3
Let q(c) = 2*c + 2. Let f be q(-2). Let b(i) be the third derivative of 11*i**5/60 - 5*i**4/24 - i**3/3 - 314*i**2. What are the prime factors of b(f)?
2, 13
What are the prime factors of 1 - (-1058)/10 - 7/(-35)?
107
Let x = -2687 - -7727. What are the prime factors of x?
2, 3, 5, 7
Suppose 12*h - 17*h = 2*q - 4376, -2*h + 1754 = 2*q. List the prime factors of h.
2, 19, 23
Suppose 0 = -4*v - 4*w - 48, 2*v + 53 = -2*v - 5*w. Let a(x) be the first derivative of x**3/3 + 7*x**2/2 + 5*x + 5. List the prime factors of a(v).
5
Suppose -94*u - 5*i = -97*u + 11736, 2*u - 5*i - 7829 = 0. What are the prime factors of u?
3907
Let x(q) = q**2 + 18*q + 21. Let g be x(-17). Suppose 0 = 2*w - g*w + 158. List the prime factors of w.
79
Let i = 1964 - 1136. Suppose 6*f = -0*f + i. What are the prime factors of f?
2, 3, 23
Let w = 1759 + -1458. List the prime factors of w.
7, 43
List the prime factors of (-157956)/(-108) + (-8)/(-18).
7, 11, 19
Suppose -5*q + 14315 = 5*u, 4*u = 69*q - 70*q + 11455. What are the prime factors of u?
2, 179
Suppose d - 27 = 5*o, -2*d + 2*o + 30 = -2*o. Suppose 2*f - d*f = -145. List the prime factors of f.
29
Suppose 3*n = 3*p - 6980 - 5971, n = 5*p - 21597. What are the prime factors of p?
2, 3, 5
Let z = 794 - -350. What are the prime factors of z?
2, 11, 13
Let g = 9557 - 5080. What are the prime factors of g?
11, 37
Suppose 5*x = 5*t + 8945, -132*x - 4*t - 1801 = -133*x. What are the prime factors of x?
3, 5, 7, 17
Let n be (-6 + 1)*(-16)/40. Suppose -7*z = -n*z - 5*v - 390, z + 4*v = 63. List the prime factors of -2 + 5 - z/(-3).
2, 7
Suppose -2*m = 3*n - 26, -14 = -m - 4*n - 6. What are the prime factors of m?
2
Let l = 731 - 245. List the prime factors of l.
2, 3
Suppose 7696 = -14*f + 22*f. What are the prime factors of f?
2, 13, 37
Let u = -674 + 1137. List the prime factors of u.
463
Suppose -o + 38*p = 41*p - 1326, 4*o - 2*p - 5248 = 0. List the prime factors of o.
2, 3, 73
Let r = 2 - -5. Suppose -r*z - 28 = -3*z. List the prime factors of 6 - z/((-21)/(-6)).
2
Let m be 60/3 - (-1 - (2 + -3)). What are the prime factors of (-2 + 27)*m/50?
2, 5
Let a(m) = 3*m + 14. Suppose -2*j + 3*j = -7. Let y be a(j). Let x = 21 + y. List the prime factors of x.
2, 7
Let w(g) = -g - 10. Let q be w(-13). Suppose 0 = 2*j - 3*f - 166, -2*j = -j + q*f - 101. Let l = j - 33. What are the prime factors of l?
2, 7
List the prime factors of (14712/15)/(9/45).
2, 613
Let q be (-5)/((-10)/(-183)) + (-2)/(-4). Let c = -17 - q. What are the prime factors of c?
2, 37
List the prime factors of 30/(-20) - (1 - (-470)/(-4)).
5, 23
Suppose 0 = s + 5*u - 4*u - 3, 6 = 2*s - 4*u. Suppose -5*t = -n + 132, 2*n + 2*t = -s*n + 741. What are the prime factors of n?
3, 7
Suppose 0 = -0*i - i + 7. Let w = i - -27. What are the prime factors of w?
2, 17
Suppose 5*h = -6*a + 6184, -5*a + 6505 = 4*h + 1557. What are the prime factors of h?
2, 7, 11
Let v = -728 + 2782. What are the prime factors of v?
2, 13, 79
Let s be -1 + (-4 - (-284 + 1)). Let h = -140 + s. What are the prime factors of h?
2, 3, 23
Let l(p) = 4*p - 6. Let w(z) = 1. Let h(t) = 4*l(t) + 12*w(t). List the prime factors of h(3).
2, 3
Let h(t) = -15*t**3 - 8*t**2 + 12*t + 54. What are the prime factors of h(-6)?
2, 3, 163
Let c(s) = -s**2 - 3*s + 5. Let b be c(-5). Let l be (-1)/b + (-3)/15. Suppose l = 4*r - 150 + 14. What are the prime factors of r?
2, 17
Let f = -12 + 16. Let v(w) = f*w - w**3 + 9*w - w + 3 - 12*w**2. What are the prime factors of v(-13)?
2
Let l be 3 - (-550 + -2) - -1. What are the prime factors of -4*(-1)/(-6) - l/(-6)?
2, 23
Suppose 0 = 5*f + 5*v - 40, 0 = -f + v + 2*v - 4. Suppose 4*o - 402 = f*t - 3*t, 0 = 5*o - 4*t - 510. List the prime factors of o.
2, 7
Let v = 386 - 244. Let z = v + -25. Suppose y - 26 = -2*p, -5*p = -4*y - 0*y + z. What are the prime factors of y?
2, 7
Let u(y) = 10*y**2 + 42*y - 75. What are the prime factors of u(-11)?
673
Let g = 1624 + -1078. List the prime factors of g.
2, 3, 7, 13
Let q(d) = -8*d - 1. Let k be q(-4). Suppose 148 = 3*p + k. List the prime factors of p.
3, 13
Suppose -4*m + 5*a + 1845 = 0, -4*a = -7*m + 5*m + 930. What are the prime factors of m?
5, 7, 13
Let y = -53 - -50. What are the prime factors of (2/2)/(y/(-183))?
61
Let f = 139 + -86. List the prime factors of (f - 2)*4*(3 + -2).
2, 3, 17
Let k be 8/2 - (-7 + -11). Let j = 26 - k. What are the prime factors of j?
2
Let t = -12 - -6. Let w = t + 15. Suppose -4*g - 3*c + 32 = 0, -g + 22 + w = -5*c. What are the prime factors of g?
11
Let l = 11 - -318. List the prime factors of l.
7, 47
List the prime factors of 37*2*(-165)/(-10).
3, 11, 37
Let q be 10/7 - 6/14. Suppose 7*t - 13 - q = 0. Suppose 0 = -2*v - t*v + 236. What are the prime factors of v?
59
Suppose 6*v - 4369 = 2969. List the prime factors of v.
1223
Let b(t) = t**2 - t**2 + 9*t**2 + 2*t**2. Suppose 4*j - 1 = -5. What are the prime factors of b(j)?
11
Let y(j) = 4*j + 9. Let o be y(-5). Let w be (9 + o)*6/4. List the prime factors of ((-1)/w)/((-3)/(-27)).
3
Suppose -2*c - h - 16 = 3*c, 0 = 4*c - 3*h + 9. Let g be 12*c*4/(-36). Suppose 0 = -g*w, -92 = -4*b + 3*w - w. List the prime factors of b.
23
Let v(h) = -13*h - 4. Let k be v(3). Let g = -25 - k. Let o = g + -7. List the prime factors of o.
11
Let o be (-2 + 1)/3 + 890/6. Suppose 92 + o = 2*i. What are the prime factors of i?
2, 3, 5
Let q(k) = k**3 - 6*k**2 + k - 2. Let w be q(6). List the prime factors of ((-4)/(-10))/(w/580).
2, 29
Suppose 155 = 5*w + v, -4*v - 28 = -3*w + 42. Let l(n) = 3*n**2 + n - 2. Let j be l(2). Suppose 5*g - 5*i = w, 3*g + 2*i + i = j. List the prime factors of g.
5
Suppose -4*j - 968 = -12*j. Let f = 178 - j. List the prime factors of f.
3, 19
Let t = -56 + 34. Let j = t + 41. What are the prime factors of j?
19
Let t = 687 + 166. List the prime factors of t.
853
Let s = 470 + -336. Let d = s - 68. What are the prime factors of d?
2, 3, 11
Let g(n) be the third derivative of -n**5/60 - 11*n**4/12 + 59*n**3/6 - 10*n**2. List the prime factors of g(-21).
2, 5
Let w = -33 - -46. Suppose -25 = -w*v + 18*v. List the prime factors of 0 + (-74)/(v + 3).
37
Let x(q) = -8*q**3 + 6*q**2 - 7*q - 3. List the prime factors of x(-4).
3, 211
Suppose 5*z + 47 + 18 = 0. Let c = z + 30. List the prime factors of c.
17
Suppose 4*h + 3*j + 11 = 0, -5*h + 4*j = -3*h. Let d be (11 + h/2)*2. Suppose -s + d = 4*s. List the prime factors of s.
2
Suppose -2*w - 4*o - 77 = -7*w, w - o - 15 = 0. Let s = 33 - w. What are the prime factors of (6 - 3) + -2 + s?
17
Suppose 3*h = 2*h - 3. Let r = 11 + h. List the prime factors of r.
2
Let q be -2*1*(-4)/4. Suppose 0 = 3*u - u - 2*j - 14, 4 = -q*j. Suppose 42 = u*d + 4*h, 0 = d + 2*d + 5*h - 20. List the prime factors of d.
2, 5
Let m(q) = -q**3 + 5*q**2 + 8*q + 3. Let r be m(6). Suppose 0*p = -3*p + r. Suppose 6*d - 24 = -2*t + d, 5*t - 25 = p*d. List the prime factors of t.
7
Let z = 991 - -297. List the prime factors of z.
2, 7, 23
Let x(v) = 163*v - 7. What are the prime factors of x(2)?
11, 29
Let f(o) = 2*o - 23*o**3 + o**3 - 6*o**3 - 3*o**2 - 4. Let b(m) = -27*m**3 - 2*m**2 + m - 3. Let n(j) = 3*b(j) - 2*f(j). List the prime factors of n(-1).
5
Let c(v) = -v**2 + 12*v + 111. What are the prime factors of c(15)?
2, 3, 11
Let b(u) be the third derivative of u**6/3 + u**5/60 + u**4/24 - u**3/6 + 3*u**2. Suppose -n + 7 = 6*n. List the prime factors of b(n).
41
Suppose -4*m = 3*d - 962, 2*d + 648 = 4*d + 4*m. List the prime factors of d.
2, 157
Suppose -q = -159 - 60. Suppose 4*h - q = 3*b, -b = -0*h - 2*h + 107. What are the prime fact